et i be b(-12). Suppose 4*a + 1092 = i*d - 2*d, -4 = 4*a. List the prime factors of d.
2, 17
Let k = -117 + 121. Suppose 464 = 2*i - 4*a, 0 = 6*i - 2*i + k*a - 916. What are the prime factors of i?
2, 5, 23
Let x(q) = -q**2 + 3*q - 5. Suppose -3*p - 3*u - 9 = -6*p, 5*u - 1 = -3*p. Let a be x(p). What are the prime factors of 243 - a - (4 + -4 + -4)?
2, 5
Let f(c) = -17*c**2 + 2*c - 7. Let d be (1*(8 + -2))/(-2)*-1. Let y be f(d). Let l = y - -252. What are the prime factors of l?
2, 7
Let k(i) = 131*i + 1841. List the prime factors of k(133).
2, 7, 43
Suppose 0 = -3*z - 4*q - 5, -5*z = 3*q - 13 + 3. Suppose 120 = 5*r + z*h, r - 23 - 10 = 2*h. Suppose -r - 61 = -p. List the prime factors of p.
2, 11
Let t(x) be the first derivative of x**4/4 + 13*x**3/3 - 7*x**2/2 - 9*x - 14. Let a be t(-13). Let m = a - 1. What are the prime factors of m?
3
Let i(b) be the first derivative of -193*b**2/2 + 5*b - 54. What are the prime factors of i(-4)?
3, 7, 37
Let b = 1616 - -1712. What are the prime factors of b?
2, 13
Let a(r) = 46*r**2 + 95*r + 1569. What are the prime factors of a(-25)?
2, 7, 499
Let l = 32783 + -11055. List the prime factors of l.
2, 7, 97
Let v(p) = 171*p**2 - 49*p + 388. List the prime factors of v(9).
2, 6899
Let s(r) = r**2 + 2*r + 3. Let n be s(0). Suppose -3*k + 2*q = -351, -215 = -2*k - 2*q - n*q. What are the prime factors of k?
5, 23
Suppose t + 2*d + 41 = 0, -4*t + 5*d = -9*t - 230. Let p(s) = s**3 - 17*s**2 - 18*s - 7. Let j be p(18). Let l = j - t. What are the prime factors of l?
2, 11
Let g = -50 + 56. Let q = g + -2. Suppose -p = -2*l - 116, q*p - 464 = -3*l + 5*l. What are the prime factors of p?
2, 29
Let u = 941 + -607. List the prime factors of u - (0 + (-5)/(-5)).
3, 37
Let x = 75 - 85. Let b be 6/(-15)*x/(-4)*2. List the prime factors of (-6)/4 - b - 63/(-18).
2
Let g(p) = -p**3 + p. Let d be g(-1). Suppose -3*f = -d*f + 5*z - 1514, f - 498 = 5*z. List the prime factors of f.
503
Let i(d) = -15*d + 183. Let q be i(12). Suppose 2*l = -4*n + q*l + 1457, -4*l = 2*n - 742. List the prime factors of n.
5, 73
Let x(z) = 8*z**2 + 3*z + 16. Let s = 6 - 10. What are the prime factors of x(s)?
2, 3, 11
Let w(p) = 458*p**2 - 51*p - 2. What are the prime factors of w(4)?
2, 3, 1187
Let c(r) = -4*r**2 - 5*r + 45*r**3 - 6 + 43*r**3 + r - 92*r**3. Suppose 3*t - 5*g - 11 = 0, -g = 3*t - 0 + 13. What are the prime factors of c(t)?
2, 3, 13
Suppose -o + 248 - 19 = 0. Suppose 2*q + 2*k - 156 = 0, -q - 2*q = -2*k - o. Suppose w - d = q, -3*w + 4*d - 5 + 232 = 0. What are the prime factors of w?
3
Suppose -14*j = -149437 - 30631. What are the prime factors of j?
2, 59, 109
Let u(w) = w**3 - 5*w**2 - 5*w - 1. Let x be u(6). Suppose -3*o = 4*p - 269, 3*p - 6 + 9 = 0. List the prime factors of (0 - -2 - x) + o.
2, 11
Let y(s) = -41*s + 260. Suppose -179*l + 96 = -185*l. What are the prime factors of y(l)?
2, 229
Let t be (-2)/5 - 264/(-110). List the prime factors of (12 - (26 + 4))/(t/(-79)).
3, 79
Suppose 4*z = 3*u - 43, -5*u - 2 = -z - 0. What are the prime factors of 43440/130 + 2/z?
2, 167
Let j = -71 - -69. Let q be 28 - (j - -8) - 3*-1. Suppose q*h - 1395 = 20*h. What are the prime factors of h?
3, 31
Suppose 0 = h - 3*c + 34, 3*h - 4*c + 46 = -46. List the prime factors of h/(14/(-2)) + 0 + 567.
571
List the prime factors of (-33110)/(-4) + 66/44.
17, 487
Let b(y) be the first derivative of -1115*y**2/2 - 17*y - 136. What are the prime factors of b(-1)?
2, 3, 61
Suppose -9*x + 75570 = 24*x. What are the prime factors of x?
2, 5, 229
Suppose 0 = 5*r - p - 19, 0 = -5*p + 4 + 1. Suppose r*c - 457 = 159. List the prime factors of c.
2, 7, 11
Let g(x) = 10*x**2 - 15. Let p be g(-8). Let t = -289 + p. Suppose 7*z - 11*z + t = 0. List the prime factors of z.
2, 3, 7
Let w = 41404 - 25600. What are the prime factors of w?
2, 3, 439
Let r = 187428 - 108060. List the prime factors of r.
2, 3, 3307
Let b(z) = -265*z + 69. Let i be b(-2). Suppose 3*q - l - i = 0, -2*q + l - 808 = -6*q. List the prime factors of q.
3, 67
Suppose -2*i + 2*u = -100, -i - 162 = -4*i - 3*u. What are the prime factors of ((-23)/(897/i))/((-1)/618)?
2, 103
Let z = 130 + -122. List the prime factors of 18/8 + -2 - (-1646)/z.
2, 103
Suppose -4*b + 56 = 4*l, 3*l = -b + 19 + 3. Suppose -b*k - 1579 + 359 = 0. Let f = -23 - k. List the prime factors of f.
3, 11
Suppose 2*f - 10 = 0, f - 5*f = -b - 20. Suppose b = -3*t + 5*v + 33, -3*v - 15 = t - 2*t. What are the prime factors of t?
2, 3
What are the prime factors of ((-6489)/6)/((-144)/(-504) + (-106)/224)?
2, 7, 103
Let z(f) = 80*f - 16. Let g be z(2). Let y = g - 95. Let k = y + 108. What are the prime factors of k?
157
Let w(c) = -28 + 15 + c + 3*c + 2*c**2 + 17. Let i(l) = -l**3 - l**2 + l - 2. Let d be i(0). What are the prime factors of w(d)?
2
Suppose 0 = 2*a + 18 + 44. Let v = a - -129. Suppose -2*w = -98 - v. What are the prime factors of w?
2, 7
Suppose -3*r + a = -20, 0*a = -3*r - 4*a - 5. Let l be (-1)/(-1) - (-4 + 1). Suppose 3*s + r*u - 326 - 321 = 0, -5*s - l*u = -1087. List the prime factors of s.
3, 73
Let u be (-2)/((-2)/(-44) + 0). Suppose 82*b + 7549 + 2291 = 0. Let t = u - b. List the prime factors of t.
2, 19
Suppose -2*t + 76275 = 1850*b - 1847*b, -2*b + t + 50864 = 0. List the prime factors of b.
59, 431
Let w be 13 - 11 - (4 - (3 + -1)). Suppose w = 3*x - 185 + 716. What are the prime factors of x/(((-135)/(-60))/((-6)/4))?
2, 59
Suppose -896*r + 258128 = -792*r. What are the prime factors of r?
2, 17, 73
What are the prime factors of (-2 - (14/112 + 125/(-40)))*21975?
3, 5, 293
Suppose -2*r - 196907 = -5*u, 298*u - 301*u + 118133 = -4*r. List the prime factors of u.
39383
Let r = 359 + -357. Suppose -n = h - 647, -3*h + 1689 + 249 = r*n. What are the prime factors of h?
2, 7, 23
What are the prime factors of (-179 + 27)/(3/(-72)*2)?
2, 3, 19
Let b(o) = -73*o - 107. Let u be b(-24). Suppose -5*q - 5*x = -u, -8*q - 5*x + 664 = -6*q. List the prime factors of q.
3, 109
Suppose 5*z + 0*s + 4*s = 11163, 2*z - 3*s = 4479. Let g = -1251 + z. What are the prime factors of g?
2, 3, 41
Let k(t) = -11*t**3 - 18*t**2 - 37*t - 98. What are the prime factors of k(-9)?
2, 1699
Let r(u) = -29*u**3 - 2*u**2 + u. Let g be (-8)/(-6)*(-2 - 10/(-20)). What are the prime factors of r(g)?
2, 3, 37
Let b = 41 + -40. Let l be 0 - -2 - b*(-2 - 24). What are the prime factors of (14/4)/((-1)/l*-2)?
7
Suppose 366*f - 362*f = 156. Let d = f + 92. What are the prime factors of d?
131
Let v be 112 + -103 + 1/(-1). Let m be (-146)/(-8) - (-3)/(-12). What are the prime factors of 2606/m - v/(-36)?
5, 29
Let j be (2/(-4) - -1)*-2 - 912. Let k = -592 - j. What are the prime factors of k?
3, 107
List the prime factors of (-7)/((-1890)/36) - (-2 + (-580899)/45).
12911
Let b be 1/2*1 - (-355)/2. Suppose b + 179 = g. What are the prime factors of g?
3, 7, 17
Let g be ((-64)/(-176))/(1/11). List the prime factors of 19*(14 + g + 10/(-5)).
2, 19
Suppose 5*c + 22943 = 4*m - 28248, -5*c + 63955 = 5*m. List the prime factors of m.
2, 6397
Suppose -9*s - 523923 = 41*s - 67*s. List the prime factors of s.
3, 10273
Let a(w) = -w**3 + 26*w**2 - 26*w + 10. Let v be a(25). List the prime factors of (-6)/v*11*90.
2, 3, 11
Suppose 5*r + 5*k - 20 = 0, 4*r + 2*k = 6*k + 24. Suppose 5*d - 1097 = -4*q, -10*q + r*q + 3*d = -1325. What are the prime factors of q?
2, 67
Let q(f) = f**3 + 8*f**2 + 14*f + 138. List the prime factors of q(20).
2, 37, 157
Let g be (0 + (-3)/(-4))*(-192)/(-18). List the prime factors of (-95)/76 - ((-3562)/g - -2).
2, 13, 17
Suppose -7*p = 3 - 10. Let w(g) = 3*g**3 - g**2 + g. Let r be w(p). Suppose 3*s + r*t - 87 = 147, -3*s = -3*t - 264. List the prime factors of s.
83
List the prime factors of -8*-47*(1344/392 + 3/(-7)).
2, 3, 47
Let m = 7744 + -5475. Let p = -1566 + m. Suppose -5*g + p = 293. What are the prime factors of g?
2, 41
What are the prime factors of 5 + (-3 - -4) - (-1597 + -15)?
2, 809
Suppose 0 = -d + 3*d - 2. Let y(m) = -31*m**3 + 2*m**2 - 1. Let n be y(d). List the prime factors of 707/5 - (-12)/n.
3, 47
List the prime factors of (54447/6)/((-74)/(-148)).
18149
Suppose -4*n - g - 220 = 0, n = g - 3*g - 62. Let r = -52 - n. Suppose 0 = -r*x - 2*x + 324. List the prime factors of x.
3
Suppose h = -30 + 48